+ z**2 - 5*z + 4. Suppose -9*s = -6*s + 180. Let f = 57 + s. What is the hundreds digit of k(f)?
2
Let n = -134 - -13. Suppose -y - l - 85 = 121, 2*l = -3*y - 616. Let h = n - y. What is the tens digit of h?
8
Suppose -94*b + 8532 = -82*b. Let p = b + -194. What is the units digit of p?
7
Let o(c) = 2080*c**2 + 647*c + 3837. What is the ten thousands digit of o(-6)?
7
Let u = 1013 + 18792. What is the thousands digit of u?
9
Suppose 5*i + 1468 + 762 = 0. Let v = i - -732. What is the tens digit of v?
8
Suppose -20*f + 18*f = -60. Suppose -4*z - z + f = 0. Suppose 7*a - z*a = 64. What is the units digit of a?
4
Let o = -10 - -5. Let i(j) be the third derivative of j**5/12 + 11*j**4/24 - 2*j**3/3 - 80*j**2. What is the units digit of i(o)?
6
What is the tens digit of -50072*(29 + -27 - ((-7)/(-2) + -1))?
3
Suppose 41 - 45 = -2*m. Suppose 339 = m*w - l, 4*w + 3*l - l = 658. What is the hundreds digit of w?
1
Let j be (-2)/(-1) + 32 - -2. Let f be (-24)/j*3/(-2). What is the units digit of (3 - 161)*f/(-2)?
9
Let j = -119 + 254. What is the tens digit of 11628/j + 2/(-15)?
8
Let g be (-3 + 1 - 0)*(-25)/10. Suppose -4*n = -7*r + 6*r - 1338, 345 = n + g*r. Suppose -n = 7*y - 2085. What is the tens digit of y?
5
What is the units digit of (0 - -16)/((-209)/1263 + (-6)/(-36))?
2
What is the tens digit of 1164/(((-120)/(-270))/((-16)/(-6)))?
8
Let q = 20 + -20. Let d be (6 - (48 - -7))*(q + -7). Let x = -216 + d. What is the hundreds digit of x?
1
Let d = 30662 + -16592. What is the tens digit of d?
7
Suppose 4*c + 21 = 1. Let m be 18/2 - (6 + c). Suppose 0 = m*n - 228 - 260. What is the units digit of n?
1
Let y be 9/3 - (0 - 5). Suppose y*b - 16 = 8. What is the tens digit of 81 - (1 - b - -6) - 3?
7
What is the hundreds digit of ((-118710)/72 + -6)/(2/(-8))?
6
Let b = -9661 - -21001. What is the ten thousands digit of b?
1
Let o = 15 - -9. Let l be (22/4)/(4/o). Let g = 171 - l. What is the tens digit of g?
3
Let l(q) = -q**2 + 158*q + 26804. What is the ten thousands digit of l(0)?
2
Suppose -6*b + 4*b + 378 = 0. Suppose 3*k = 7*k, 4*o + 2*k = 32. Suppose -o*x = x - b. What is the tens digit of x?
2
Let w(k) = -10*k**2 + 0*k**3 + 5*k**2 - 18*k + 55 - k**2 + k**3 - 2*k**2. What is the tens digit of w(12)?
1
Suppose -3*d = 1318 - 349. Let v = 13 - d. What is the tens digit of v?
3
Let s(j) = 3*j**2 + 3*j. Let x be s(-3). Let b(k) = k**3 - 16*k**2 - 26*k + 10. Let g be b(x). Let m = -114 + g. What is the units digit of m?
6
Let n(k) be the first derivative of 0*k + 11 + 11/2*k**2. What is the units digit of n(1)?
1
Suppose 5 = -z + 3*h - h, 4*z + 11 = 5*h. Suppose -i + b - 2*b = -z, 0 = b + 1. Suppose i*g = -g + 87. What is the tens digit of g?
2
Let m(u) = -u**3 + 9*u**2 + 3*u + 21. Let w be (-4)/(-14) + (-2)/((-42)/183). Let z be m(w). Suppose -z*s + 43*s = -445. What is the tens digit of s?
8
Let b(z) = -16*z**2 + 2*z - 4. Let o be b(1). Let y be (-1 - (-1092)/34) + o/153. What is the tens digit of 3/6*-2 + y + 3?
3
Suppose 100*h - 117378 = -97199 + 422621. What is the units digit of h?
8
Let s(z) = 44*z**2 + 60*z - 435. What is the units digit of s(8)?
1
Suppose -2*u = -0 + 2, 2*u - 13324 = -2*w. What is the hundreds digit of w?
6
Let h be (2791/(-4))/(29/(-348)). Suppose h = 9*p - 1896. What is the tens digit of p?
4
Let r = 171 - 167. Suppose -4*w + 1696 = r*n, 0 = n + 3*w - 111 - 307. What is the units digit of n?
7
What is the tens digit of -8*8/16 + -3 + 1789?
8
Suppose -83*w + 81*w = f - 5059, -3*f + 15135 = -w. What is the units digit of f?
7
Suppose -2*l = 3*l - 10. Let y(s) = -8*s + 112*s**2 - 51*s**2 - 31*s**2. What is the tens digit of y(l)?
0
Let l(c) = 7*c**3 - 36*c**2 - 8*c - 10. What is the units digit of l(9)?
5
What is the tens digit of (5 + -1 - 33176/3)/((-20)/15)?
9
Suppose 0 = -o - 5*y + 752, 4 = y - 2*y. Let r = 1106 - o. What is the units digit of r?
4
Let x be (3 - (-38)/(-6))*-84. Suppose 4*b = -2*q - x, -3*q + 350 = -5*b + 11. Let s = 130 + b. What is the units digit of s?
1
Suppose -10*p + 12596 = 3556. What is the hundreds digit of p?
9
Let d(p) = -p + 24. Let y be d(9). What is the hundreds digit of (y - -5)/((-2)/(-22))?
2
Suppose -33976 = -5*z + 2*o, 299*z - 300*z - 5*o + 6779 = 0. What is the units digit of z?
4
Let f be (6/4)/(2/4) - -1. Suppose 0 = u + 3*r - r - 30, f*r - 112 = -4*u. Suppose 30*a - 328 = u*a. What is the tens digit of a?
8
Let o = -52 + 21. Let b = 42 + o. Let m = b - -105. What is the tens digit of m?
1
Suppose n - 5457 - 403 = 0. What is the hundreds digit of n?
8
What is the tens digit of (-43181)/(-20) - 92/1840?
5
Suppose 3*y = 2*p + 42561, 14171 = y + 3*p - p. What is the hundreds digit of y?
1
Suppose -2*v = -182 - 152. Suppose -4*t = -v - 289. What is the hundreds digit of t?
1
Let b = 314 + -1142. Let z = b - -1549. What is the units digit of z?
1
Suppose 3*z - 6*z + 3 = 0. Let k(o) = -11*o. Let n(l) = 1. Let v(a) = z*k(a) - 4*n(a). What is the tens digit of v(-2)?
1
Let v(s) = 22*s + 10. Suppose -19*r = -16 - 3. What is the tens digit of v(r)?
3
Suppose -42*q + 96*q - 298134 = 0. What is the units digit of q?
1
Let l = -562 + 962. Suppose 109*a - l = 107*a. What is the units digit of a?
0
Suppose -30*m + 474601 = -255168 - 27821. What is the thousands digit of m?
5
Suppose 3*a - 24 = 9*a. What is the hundreds digit of (-1446)/(-15) + (-6)/15 - a?
1
Let g = -7574 - -19095. What is the tens digit of g?
2
Let g = 3353 - 854. Suppose -20*i + 27*i - g = 0. What is the units digit of i?
7
Suppose 0 = c + 483 - 190. Let i = 641 + c. What is the tens digit of i?
4
Let w = 612 - 261. Suppose j = 4*j - w. What is the tens digit of j?
1
Suppose -m - 4*m + o - 90 = 0, -3*o + 100 = -5*m. Let a = m + 20. Suppose 321 = a*w - 0*w. What is the units digit of w?
7
Let u(q) = -2*q**3 - 5*q**2 + 31*q - 6. Let w = -207 + 199. What is the tens digit of u(w)?
5
What is the thousands digit of 9606 - (-10 + 9 + 3 + 3)?
9
Let u be 12*(2 - 0 - (-50)/(-40)). Suppose 410 = -4*n + u*n + i, -3*n + 2*i = -259. What is the tens digit of n?
8
Let l = 10260 - -78435. What is the hundreds digit of l?
6
Let d be (8/(-14))/((6/7)/(-3)). Suppose d*m = -0 + 6. Suppose -2*p + 185 = p - h, m*h - 3 = 0. What is the tens digit of p?
6
Suppose 181 = -3*q - 3*c - 2*c, 0 = 5*c + 10. Let p be 38/q + (1628/3 - 0). Suppose -3*h - h + 2*s = -p, 0 = -h - 2*s + 123. What is the tens digit of h?
3
Suppose m - 28 = 3*d + 27, 5*d = -5*m - 65. What is the tens digit of 11*-5*d/(680/32)?
4
Let h = 31 + 99. Suppose 5*l - 5*z + 55 = 0, -2*l + l + 3*z = 7. Let q = l + h. What is the tens digit of q?
1
Suppose 5*x - 9*x - 13*x + 55828 = 0. What is the thousands digit of x?
3
Let p(g) = 294*g**2 - 4*g + 12. Let v be p(3). Suppose v = 2*b - 2*a + 6*a, -b - a = -1321. What is the hundreds digit of b?
3
Let l(a) = 11*a - 61. Let x be l(6). What is the hundreds digit of x/40 - 2/(-32)*2654?
1
Let y(g) = 2*g**2 + 2*g + 2. Let f be y(7). Suppose -118*s + 860 = -f*s. What is the hundreds digit of s?
2
Suppose 6*c + 9 = 9*c - 3*k, 0 = 2*c + 5*k - 27. Let v(m) = 7*m**2 + 8*m - 15. What is the tens digit of v(c)?
8
What is the units digit of (-28)/(49475/7075 + 7*-1)?
2
Let u = 7559 - 2650. What is the hundreds digit of u?
9
Suppose 0*y + 69 = d + 3*y, 0 = 5*d + 3*y - 405. Let x = d + -123. Let p = x + 90. What is the units digit of p?
1
Let y = 684 - -1374. What is the units digit of y?
8
Let v(c) = -2261*c + 20. Let a be v(-2). Suppose 0 = -16*s - a + 14878. What is the units digit of s?
6
Let j = 31907 - 3166. What is the thousands digit of j?
8
Let n(a) = 3*a**3 - 8*a**2 + 10*a - 18. Let p be n(8). Let v = 1654 - p. Suppose -4*g = -6*q + q + v, 4*g - 360 = -3*q. What is the tens digit of q?
1
Let k(f) be the third derivative of -f**4/2 + 7*f**3/6 + 226*f**2. What is the hundreds digit of k(-12)?
1
Suppose 118*v = 127*v - 2259. What is the hundreds digit of v?
2
Let h(k) = -3*k**3 - 46*k**2 + 31*k - 11. Let m be h(-16). Suppose -3*r - 4*p = -3*p - 1382, -p = -m*r + 2314. What is the hundreds digit of r?
4
What is the ten thousands digit of 2 + (2*(-256501)/(-14) - -4)?
3
Let s = 26 + 13. Let y be 1*-8*(7 - s/6). Let b = 176 + y. What is the hundreds digit of b?
1
Suppose -10708 = -5*c - 4*s, -3*c - 333 = -2*s - 6771. Suppose -3*z + 1596 = -b, c = 2*z 